t is 143343 (base 5) in base 3?
22100212
1009019 (base 10) to base 12
407b0b
Convert 12002120021201 (base 3) to base 6.
134011414
Convert -10001100011111011110 (base 2) to base 8.
-2143736
-110001100100010000 (base 2) to base 7
-1503623
18236 (base 16) to base 6
2041422
-1604350 (base 11) to base 7
-32214601
105b962 (base 13) to base 15
68a1a7
-5013514 (base 6) to base 12
-b429a
What is -451544 (base 6) in base 16?
-9478
47510 (base 8) to base 6
233544
143114344 (base 5) to base 11
475832
Convert -2646e (base 15) to base 5.
-12410004
What is -855713 (base 14) in base 5?
-2123303111
-1765710 (base 8) to base 10
-519112
-451a3a (base 11) to base 2
-10101111110001111001
What is -3170746 (base 8) in base 11?
-52a425
7e202 (base 15) to base 10
402077
What is -1a432b (base 14) in base 12?
-39032b
Convert -2020111002 (base 3) to base 4.
-22300331
-1001210122 (base 3) to base 6
-241112
-2012012 (base 6) to base 12
-47008
Convert -100001001000100100111000 (base 2) to base 12.
-2aaa674
Convert -2ac22 (base 15) to base 14.
-382a0
What is -2a86045 (base 12) in base 14?
-120b63b
Convert 1230303121 (base 4) to base 14.
b85a9
What is -100001001100110111 (base 2) in base 8?
-411467
Convert -2463355 (base 9) to base 7.
-14253254
-32514b (base 13) to base 6
-41201122
What is 1110100001011111010 (base 2) in base 15?
96018
-5dd89 (base 14) to base 15
-48416
What is 202200122221 (base 3) in base 5?
101013031
What is -3023330 (base 5) in base 3?
-2110122122
Convert -406477 (base 8) to base 15.
-29c93
Convert 325034332 (base 6) to base 16.
591050
What is 100111001000 (base 2) in base 10?
2504
-94d67 (base 14) to base 9
-606847
What is ca5472 (base 13) in base 4?
102020113300
Convert -2565948 (base 11) to base 14.
-83977d
Convert -38bb1 (base 14) to base 12.
-6889b
What is 502006 (base 7) in base 15?
1a187
What is -111212010202111 (base 3) in base 6?
-421501234
1001110010001001111 (base 2) to base 6
10512115
What is 503606 (base 7) in base 15?
1a45e
What is 53b1e0 (base 15) in base 6?
221235050
Convert 2a074 (base 13) to base 3.
11000121212
What is -110021112220 (base 3) in base 5?
-30213301
What is -1003202332012 (base 4) in base 9?
-36277247
What is 122122203 (base 4) in base 9?
174366
-1ce237 (base 15) to base 4
-11121113203
Convert 8501 (base 15) to base 14.
a370
What is 1010001122010 (base 3) in base 2?
10010000011101000001
Convert 23001113 (base 4) to base 3.
2021220222
Convert -21011201100 (base 3) to base 13.
-4c380
-12242220311 (base 5) to base 9
-30763805
What is 139a5 (base 11) in base 16?
4d7e
Convert -524485 (base 10) to base 13.
-154960
-21022560 (base 8) to base 3
-22101220020121
What is -43180 (base 9) in base 5?
-1403314
-16130325 (base 7) to base 2
-101111011010011001101
Convert -132231554 (base 6) to base 3.
-11221202020221
135152503 (base 7) to base 9
17583544
What is -10000010100010111111 (base 2) in base 6?
-15243315
1554650 (base 7) to base 14
586d0
Convert -132111231 (base 4) to base 13.
-44742
What is -1126051 (base 13) in base 8?
-24061770
Convert 30604242 (base 7) to base 8.
11641253
6375e7 (base 15) to base 5
2202424332
Convert -40889 (base 16) to base 4.
-1000202021
What is 322132223 (base 4) in base 3?
110011120112
3e920 (base 16) to base 8
764440
Convert 1010101100110101001011 (base 2) to base 8.
12546513
Convert -c74cc (base 13) to base 4.
-1113220223
Convert 1777953 (base 11) to base 8.
13372435
29095 (base 15) to base 9
220665
1255325 (base 6) to base 8
210405
Convert 16436622 (base 7) to base 16.
18825c
74843 (base 10) to base 11
5125a
-157028 (base 15) to base 14
-1cd879
-10001644 (base 8) to base 2
-1000000000001110100100
What is 20120112111120 (base 3) in base 6?
202522023
17835a (base 14) to base 12
33bb50
Convert 321654 (base 7) to base 11.
38aa8
Convert -1215002 (base 8) to base 9.
-558556
-1044143 (base 5) to base 10
-18673
Convert -4000265 (base 10) to base 14.
-761b73
What is -491e59 (base 16) in base 13?
-cba156
Convert 5500521 (base 6) to base 13.
96c73
11354 (base 10) to base 11
8592
-2000011200021 (base 3) to base 6
-34504311
Convert 1617631 (base 11) to base 16.
2a2759
122130001130 (base 4) to base 8
32340134
1a2a9a (base 15) to base 3
2101202122201
Convert 64220 (base 12) to base 11.
8a9a3
Convert 2301300303 (base 4) to base 9.
1328706
46cbbc (base 15) to base 6
200312310
Convert -1c00c (base 13) to base 12.
-27961
What is 1041031 (base 8) in base 15?
57a45
Convert -35d2d4 (base 14) to base 3.
-10110120110220
What is 38220 (base 11) in base 3?
2210012221
What is -36ab8b (base 12) in base 4?
-3121100123
What is 27127552 (base 8) in base 3?
102102121021001
11302000 (base 4) to base 10
23680
29b119 (base 14) to base 10
1451795
What is -10266642 (base 7) in base 13?
-247a37
15db92 (base 14) to base 4
2323131310
-100000101111001011110000 (base 2) to base 11
-4931762
Convert 1166401 (base 8) to base 11.
2005a0
47686b (base 15) to base 4
31001200022
What is 94456 (base 16) in base 13?
18357a
-132103142 (base 5) to base 3
-1020112001221
Convert -1afbb (base 16) to base 11.
-76046
-312310 (base 6) to base 9
-37466
What is -67877 (base 14) in base 7?
-2064610
Convert -141659 (base 10) to base 16.
-2295b
Convert -99640 (base 10) to base 9.
-161611
What is -20000202122211 (base 3) in base 4?
-30032021323
Convert b0c8 (base 14) to base 16.
7698
What is 1212005230 (base 6) in base 12?
4760816
Convert -308807 (base 13) to base 11.
-704111
40e94 (base 16) to base 15
53ba1
-a28ac (base 16) to base 7
-5442012
What is 4443224 (base 9) in base 8?
11075057
Convert 6204770 (base 8) to base 13.
455ba1
Convert 8c2b4 (base 13) to base 11.
164925
d96b0 (base 14) to base 12
2140a2
Convert -1224424403 (base 5) to base 9.
-5522547
What is 23314113 (base 5) in base 7?
1546624
What is 61b6b3 (base 13) in base 5?
1041003041
What is 3350005 (base 6) in base 8?
513465
What is 96a44 (base 12) in base 2?
110000011101010100
Convert 4b501a5 (base 12) to base 4.
320121220031
Convert 5d6c5 (base 15) to base 14.
7ab1d
Convert 203202121013 (base 4) to base 7.
142120043
Convert 93363 (base 11) to base 3.
20220211020
Convert 1010110101100010111 (base 2) to base 14.
9359d
-430400 (base 7) to base 3
-10210100222
-82994 (base 10) to base 3
-11012211212
-201020112000 (base 3) to base 9
-636460
Convert -75629 (base 11) to base 8.
-326513
42b493 (base 13) to base 10
1567257
Convert -132 (base 8) to base 15.
-60
Convert 120105 (base 12) to base 7.
2316542
Convert 4203231 (base 8) to base 11.
6a2355
What is -2195c (base 13) in base 14?
-182b3
Convert -10120012101100 (base 3) to base 8.
-7162164
Convert -57c8a (base 14) to base 6.
-4325350
-300321032 (base 4) to base 12
-97a92
What is 14203034 (base 6) in base 11?
2aa7a3
3417b61 (base 12) to base 4
212012122321
-32440154 (base 6) to base 13
-27c373
What is -1332545 (base 6) in base 9?
-123182
Convert 384235 (base 13) to base 5.
321222122
What is -26a3394 (base 11) in base 5?
-2143112142
327a03 (base 13) to base 12
493661
-66107a (base 13) to base 14
-467222
-15052443 (base 6) to base 5
-113122144
What is -1a04d (base 16) in base 14?
-2aba5
-1611655 (base 7) to base 5
-24042234
What is -547785 (base 9) in base 14?
-87380
-23120355 (base 6) to base 2
-10101101011011001111
What is -1c8413 (base 13) in base 2?
-10110010110010000101
Convert 110102220122 (base 3) to base 16.
3bc90
What is 1344214 (base 5) in base 7?
144543
What is 77d19b (base 14) in base 4?
33201210311
1123412 (base 6) to base 12
29568
1389d5 (base 15) to base 5
220043400
298141 (base 11) to base 10
464685
55336 (base 12) to base 3
12201201120
2451978 (base 11) to base 13
b6350b
Convert -390812 (base 10) to base 14.
-a25d2
What is 8a983 (base 11) in base 13?
47ba6
What is 10304103 (base 5) in base 16?
157dc
What is -4d008 (base 16) in base 10?
-315400
Convert -543313 (base 8) to base 10.
-181963
-a57494 (base 13) to base 12
-1368833
What is -1111202112102 (base 3) in base 7?
-6551015
Convert -37cda (base 16) to base 6.
-4522110
What is -612203 (base 7) in base 8?
-313136
What is -40c23c (base 15) in base 10?
-3078507
What is -4565120 (base 10) in base 13?
-c3ab71
12012012020212 (base 3) to base 2
1010100001101100011010
What is 82400 (base 10) in base 16?
141e0
What is 15e750 (base 16) in base 10?
1435472
-3101132300 (base 4) to base 6
-30220212
Convert 